+ 161. Let w = 123 - r. What is the greatest common divisor of w and 90?
10
Suppose -63*s = -2*s - 268400. What is the greatest common divisor of s and 22?
22
Suppose 9*j - 14022 = -25*j + 15*j. Calculate the highest common factor of 697 and j.
41
Let z(b) = b. Let a be z(-2). Let w be 0 - (a + -2 - 272). Calculate the greatest common factor of 46 and w.
46
Let r(b) = b**2 + 8*b - 2. Let q be r(-9). Let l be (-62)/(-4) + -5 + 2/4. Let s = q + l. Calculate the greatest common divisor of 27 and s.
9
Suppose 9*l - 6438 = 6*l - 2*p, 0 = 4*l - 5*p - 8538. Calculate the greatest common factor of 630 and l.
126
Let j be (6/(-9))/((-22)/(-2607)). Let i = 17 - j. Let t be 14*(-12)/14*-1. What is the greatest common divisor of t and i?
12
Let f(p) = 0*p + 10 + p**2 + 2*p - 13. Let c be f(-2). Let s(v) = v**3 + 4*v**2 - 6. Let j be s(c). What is the greatest common divisor of 33 and j?
3
Let w(x) = -17*x - 24. Let b(r) = -1. Let k(q) = -4*b(q) + w(q). Let t be k(-2). Calculate the highest common divisor of 21 and t.
7
Let j = -16 - -133. Let t be -2 + (-7)/(-4) - (-669)/(-12). Let p = 134 + t. Calculate the greatest common factor of j and p.
39
Let g be (14/(-7))/((-1)/95). Let h be 1 - (-49)/(-63) - 4599/(-81). What is the highest common factor of g and h?
19
Let b(h) = -7*h**3 - 2*h**2 + 4*h + 4. Let m be b(-1). Let p be (25/m)/(3/45). Calculate the greatest common factor of 100 and p.
25
Suppose -222876 = -311*y + 160*y. Calculate the highest common divisor of 328 and y.
164
Let t(j) = -10*j - 36 + 18 + 24 - 3*j. Let a be t(1). Let p be (-15)/(-3) + (-3 - a). Calculate the highest common factor of 9 and p.
9
Suppose 36*c - 127817 - 90631 = 0. What is the highest common divisor of c and 164?
164
Let o = -16740 + 19229. Calculate the greatest common divisor of 190 and o.
19
Suppose -4*x = -0*x - 924. Suppose -x = -11*q + 319. What is the greatest common divisor of q and 25?
25
Let j = 7623 + -3880. Calculate the greatest common divisor of 19 and j.
19
Suppose -43*b + 1404 + 746 = 0. Calculate the greatest common factor of b and 170.
10
Suppose 0 = 69*z - 76*z + 966. Suppose 7*k = 9*k - z. Suppose -c + 7 = 4*n, 5*c = -4*n + 2*n + 107. What is the highest common divisor of k and c?
23
Suppose 0 = -6*w + w + 2480. Let q(z) = -13*z - 10. Let b be q(-2). What is the greatest common factor of b and w?
16
Let b(v) = -97*v - 498. Let x be b(-13). What is the greatest common factor of x and 3161?
109
Suppose 79*h - 1300 = 141*h - 82*h. What is the highest common divisor of h and 45?
5
Suppose 4*t + 7 - 32 = -5*v, v = 2*t - 9. Let r be v/((-5)/46)*-25. Calculate the highest common divisor of 10 and r.
10
Suppose 2*n + 58 = 2*g + 580, -3*g = -2*n + 519. Calculate the highest common divisor of 1551 and n.
33
Suppose -22*y - 34*y = -38*y - 2394. What is the greatest common divisor of 95 and y?
19
Let h be 2*2*(-135)/(-18). Suppose 5*r - 42 = 18. Calculate the greatest common divisor of r and h.
6
Let f be ((-3)/(-8)*-10)/(45/(-120)). What is the highest common factor of 2630 and f?
10
Let b = -25299 + 25526. Calculate the highest common divisor of 28375 and b.
227
Let o be -1717*(-2)/14 - 60/210. Calculate the greatest common factor of 200 and o.
5
Suppose -3*w + 121 = 211*t - 210*t, -3*t = -2*w - 286. Suppose 0 = -4*n + 70 + 10. What is the greatest common divisor of t and n?
20
Suppose 0 = -2*c - g - 1 - 3, 4*c + 5*g = -8. Let m be (c - -5)*(-5)/((-15)/8). What is the highest common factor of 52 and m?
4
Let q be ((-31)/(-93))/((-3)/(-11511)) + -5. What is the greatest common factor of q and 42?
14
Suppose d - 7 = -4*b, -d - 45*b + 21 = -48*b. Calculate the highest common divisor of 7050 and d.
15
Suppose 0 = 3*r - 5*g - 275, -113 = 2466*r - 2467*r - g. Calculate the greatest common factor of 4965 and r.
15
Suppose -4*z = -94*z - 102*z + 1552320. Calculate the highest common divisor of z and 140.
35
Let y = -306 - -310. Suppose -5*c = -y*b + 48 - 259, 4*b = -16. What is the highest common divisor of 143 and c?
13
Let m(s) = 2*s**3 - 55*s**2 - 34*s - 42. Let d be m(29). Calculate the greatest common divisor of d and 460.
115
Let i = 930 + -831. Let j be i - (15/(-25))/(2/20). Suppose 2*n + s - 40 = 0, 3*n - 5*s - 40 = 33. What is the greatest common divisor of j and n?
21
Suppose 3*d - 51 = a + 4*a, -3*a - 9 = 0. Let l be 26/(-39) - (-92)/d. What is the highest common divisor of 35 and l?
7
Let v(r) = -r**2 - 8*r + 5. Let u be v(5). Let f be (-2 + 70)*(-9)/(-6). Let l = f + u. What is the highest common divisor of l and 6?
6
Let u = -433 + 676. Suppose 2*l - u = -l. Calculate the greatest common factor of l and 9.
9
Suppose -12*q + 2604 = 2*s - 7*q, -3*q - 3864 = -3*s. Calculate the highest common divisor of 204 and s.
68
Let c(q) = q - 30. Let a be c(44). Calculate the greatest common factor of 189 and a.
7
Suppose 5*j - 4*j - 36 = 0. Suppose 5*z - j = 4. Let u be (z - -2)*(-8)/(-4). What is the greatest common factor of u and 20?
20
Let q = 582 - 32. Suppose -430 = 5*x - q. Let c(h) = 7*h - 4. Let a be c(4). Calculate the highest common divisor of a and x.
24
Let x be (1088/8)/(2/8). Let b = 12931 + -12914. What is the highest common divisor of b and x?
17
Let x = -23350 - -23378. Calculate the greatest common divisor of 3563 and x.
7
Suppose 63*s - 72507 + 17823 = 0. What is the highest common divisor of 112 and s?
28
Let v be (65 - 0) + (4/(-5))/((-476)/595). Calculate the greatest common divisor of 12386 and v.
22
Let q = 14517 + -4878. Calculate the highest common factor of 85 and q.
17
Let s be -10 - (1720/18)/(-10) - 4922/(-18). What is the greatest common factor of 52 and s?
13
Let n(i) = -i**2 + 12*i - 27. Let b be n(11). Let j(o) = -o**3 - 15*o**2 + 14*o + 13. Let a be j(b). Calculate the greatest common divisor of a and 20.
5
Suppose 0 = 2*w + v - 346, 4*w + 3*v = -w + 862. Let h(q) = 3*q**2 + 2*q**2 - q**2. Let y be h(2). What is the greatest common divisor of w and y?
16
Let y be -6 + 108/16 + 42/8. Suppose 4*z + 2*s - 218 = 0, -y*z + 3*s + 121 = -4*z. Let d = 13 - -1. What is the greatest common factor of z and d?
14
Let u(h) = 274*h - 555. Let z be u(7). What is the greatest common divisor of z and 58?
29
Let s(c) = -c + 0*c - 22 - c**3 - c + 19*c + 12*c**2. Let z = 115 - 102. Let k be s(z). What is the highest common factor of 45 and k?
15
Let x = 401 + -237. Suppose -4*f + 559 = -5*g + x, g + 520 = 5*f. Calculate the highest common divisor of f and 14.
7
Suppose -38664 + 2621 - 55974 = -19*r. Calculate the highest common factor of r and 167.
167
Suppose -71*w = -75*w + 4. Suppose -5*z = l + 5, l + 3*z = -0 + w. Suppose -l*m = -3*m - 70. Calculate the highest common divisor of 90 and m.
10
Let c = -15723 - -15744. Let m be 11094/33 + 4/(-22). Suppose 2*x - m = -2*x. What is the highest common factor of x and c?
21
Let c = -2498 + 3697. What is the greatest common divisor of c and 11?
11
Let k be (-6)/4*16/12. Let g be 2*(-1 - k) - -11. Suppose 2*n + 6*m = 26, 9*n + 2*m - 65 = 4*n. Calculate the highest common factor of g and n.
13
Let b(j) = -j - 4. Let z = 50 + -51. Let d be z/10*-5*-22. Let f be b(d). Calculate the greatest common divisor of 63 and f.
7
Suppose 2*p = -42*d + 40*d + 26, -3*d = -5*p + 89. What is the highest common factor of p and 1448?
8
Let n be ((-102)/85)/(10/(-2325)). Calculate the highest common factor of 124 and n.
31
Suppose -5*r + 6 = -m + 1, m - 3 = -3*r. Suppose -4*x - 33 - 15 = m. Let z be -1 - (4 - 4) - (x + 5). Calculate the greatest common factor of z and 114.
6
Let k(m) = -4*m + 3. Let s be k(1). Let b be 12/2 + s + 4/(-2). Suppose 4*r = q + 49, 0 = -b*r + 2*q - 4*q + 45. What is the highest common divisor of 13 and r?
13
Let b(k) = -3*k**3 + k**2 - 13*k + 444. Let o be b(0). What is the greatest common divisor of o and 96?
12
Suppose -52*g - 110*g = -39690. What is the greatest common divisor of g and 35?
35
Let w(k) = -8*k - 1. Let p(i) = -9*i - 1. Let x(b) = -3*p(b) + 2*w(b). Let h be x(1). Suppose -4*s = -s - h. Calculate the greatest common divisor of s and 1.
1
Let y(r) = 2*r + 114. Let g be y(-8). Calculate the highest common factor of g and 6.
2
Let x = 1451 - 947. Let b be (37/5)/(4 - (-38)/(-10)). Suppose -33*m = -b*m + 252. Calculate the greatest common divisor of m and x.
63
Suppose -3*m + 4078 = 3*